 Let r be s(-7). Let n = r - -88. Suppose 3*d - 7*d - a + 157 = 0, -5*d = -4*a - n. What is the remainder when 75 is divided by d?
37
Let b = 2 + 2. Suppose b*d - 27 = -5*d. Suppose 0 = -5*f - d*u + 32, -7 = -f - 2*u - 2. Calculate the remainder when 21 is divided by f.
0
Suppose -5*q - s - 8 + 17 = 0, -4*s = 4. Let d be (-39)/(-4) - 2/(-8). Let b = d - q. What is the remainder when 18 is divided by b?
2
Let s(n) = 26*n + 47. Let c be s(-2). Calculate the remainder when 46 is divided by (c + 5)/8 + 12.
10
Let n = -7 - -15. Suppose -n*o + 180 = -3*o. Calculate the remainder when 67 is divided by (-3*184/o)/((-6)/9).
21
Let f be 1/2*7/(42/12). Let c(l) = 20*l**3 - l**2 + 2*l - 2. Let o(n) = n**2 + 36. Calculate the remainder when o(0) is divided by c(f).
17
Let a = 643 - 652. Let p(c) = 12*c + 127. Calculate the remainder when 131 is divided by p(a).
17
Suppose 3*r - 4 = 2. Calculate the remainder when (11 - (2 - -15))*((-127)/(-6))/(-1) is divided by (16 - 0)*(0 + r).
31
Calculate the remainder when 88 is divided by -15*(-248)/120 - (0 + 10/2).
10
Let o(d) = d**3 + 27*d**2 - 47*d + 5. Let a be o(-28). Let r = a - 514. Calculate the remainder when 64 is divided by r.
18
Suppose 110*r - 10 + 202 = 126*r. Suppose 3*z - 13 = -3*n + 119, -z = 3*n - 54. What is the remainder when z is divided by r?
3
Let c = 742 + -737. Suppose 10*s - 3*b - 252 = c*s, s - 68 = 5*b. Calculate the remainder when 238 is divided by s.
46
Let p = 11221 - 6895. Calculate the remainder when (-2)/7 + p/49 is divided by 10.
8
Suppose 2*x + 5*v = 1074, 355*x - 5*v + 2715 = 360*x. Calculate the remainder when x is divided by 176.
19
Let f(b) = -b + 180. What is the remainder when f(28) is divided by 14?
12
Suppose 2*z = -5*p + 100, 2*z - 2*p + 0*p = 128. Let s = -48170 + 48176. Calculate the remainder when z is divided by s.
0
Let i(m) = 165*m - 5374. Calculate the remainder when 1890 is divided by i(33).
44
Suppose -2*m = -2*m + 4*m - 68. Calculate the remainder when 6424 is divided by m.
15
Let c = 3518 - 3478. Calculate the remainder when 72 is divided by c.
32
Let o be 8/36 + 35/45. Let w = 31 + o. What is the remainder when 93 is divided by w?
29
Let b = 12 + -4. Calculate the remainder when 5520/330 - (-12 + (-387)/(-33)) is divided by b.
1
Suppose 6*z + 5 + 7 = 0. Let u be 3/z*(2 - (-4)/3). Calculate the remainder when 242 is divided by -1 - -1 - (-54 - u).
46
Suppose 2*q = 5*u - 702, -2*q - 45 - 243 = -2*u. Calculate the remainder when u is divided by 40.
18
Let n = -343 + 480. Let m = -107 + n. Calculate the remainder when 67 is divided by m.
7
Suppose -189 = -4*u + 403. What is the remainder when 589 is divided by u?
145
Suppose -7 = 5*k - 2*q, 0*k + 3*q + 27 = -5*k. Calculate the remainder when (k + 14/10)*75/(-2) is divided by 8.
4
Suppose -5*r + 3*d = -96, -r = 2*r - 5*d - 48. Suppose -4 + 85 = 3*q. Let b = q - 16. What is the remainder when r is divided by b?
10
Suppose -5*f = -4*m + 103, -3*f - 109 = -5*m + 36. Suppose -6*s + m = -46. Suppose 36*v - 6308 = -2*v. Calculate the remainder when v is divided by s.
10
Suppose 2*s - 196 = -26. Suppose -8*a = 19*a. Suppose -11*d + 9*d + 58 = a. Calculate the remainder when s is divided by d.
27
Suppose 2*r + 23 = 3*r. Suppose 2*q = 4*z - 4, -21 + 10 = -z - 2*q. What is the remainder when r is divided by z?
2
Suppose -z - 65 = 4*b - 212, -2*b = -5*z + 713. Let p = 306 - z. What is the remainder when p is divided by 24?
19
Calculate the remainder when 2/11 - 1242/(-66) is divided by -11 - (0 - -14) - -27.
1
Suppose -5*o = -238*f + 234*f + 6575, 10 = 2*o. Calculate the remainder when f is divided by 18.
12
Suppose -230 = -2*r + 4*j, -561 = -5*r - 576*j + 572*j. Calculate the remainder when r is divided by 6.
5
Suppose 2*j - 14 = 6. Suppose 3*i = 5*g - 5, -5*i + 1 = -2*g + 22. What is the remainder when 98 is divided by (j - 12)/(g/20)?
18
Let d(i) = -i**2 - 15*i - 19. Let o be d(-13). Let j = 87 + o. What is the remainder when j is divided by 8?
6
Suppose 697 + 143 = -5*x. Calculate the remainder when 97 is divided by -317*(-1)/9 + x/756.
27
Let k = -129 - -132. Suppose -k*l - 2*g = -7, -g - 4 = 4*l - 20. What is the remainder when l is divided by 4?
1
Let v be ((-4)/30 + (-2)/(-15))*-1. Suppose -3*a - 9 = -3*u - v*a, 3*a = -u + 3. Suppose 7*c - u*c - 40 = 0. What is the remainder when 35 is divided by c?
5
Suppose 66 = 2*x + i - 24, 0 = 3*x + 4*i - 115. Calculate the remainder when 1799 is divided by x.
35
Suppose 0 = -5*w - 3*c + 1009, 5*c = 2*w - 3*w + 193. Suppose -3*d + w = 2*r - 1157, -d + 2*r = -440. What is the remainder when d is divided by 91?
86
Let b = -6250 + 6271. What is the remainder when 70 is divided by b?
7
Suppose -2*a + 3*x + 359 = -39, -5*x = 3*a - 597. Calculate the remainder when 40196 is divided by a.
197
Suppose 3*x - 4*m - 693 = -2*x, -3*x - 3*m = -459. What is the remainder when 832 is divided by x?
107
Calculate the remainder when 1308 is divided by 23 + 20*(-7)/14.
8
Let p = 205 + -168. Suppose -11*b - 806 = -p*b. Calculate the remainder when 122 is divided by b.
29
Let u be ((0 - -1) + 230)*1. Suppose u - 70 = 7*j. Calculate the remainder when j is divided by 16.
7
Let v = 25 - 25. Let b be (v + 1)/((-2)/(-20)). What is the remainder when (132/b*-1)/(21/(-70)) is divided by 23?
21
Suppose 0 = 434*a - 415*a - 608. Calculate the remainder when 188 is divided by a.
28
Suppose 1 = 6*k - 5*k, -5*k = 5*a - 220. Let g = 213 - 149. Let u = g - a. What is the remainder when u is divided by 6?
3
Suppose 14*v - 3744 + 104 = 0. Calculate the remainder when v is divided by 87.
86
Let g be 4*68/24*(-6)/(-4). Let f(h) = -6*h**2 + 103*h + 19. What is the remainder when 153 is divided by f(g)?
9
Suppose -437 = -4*d - 665. Let g(o) = -5*o - 220. What is the remainder when g(d) is divided by 3?
2
Let g(n) = -9*n**3 - 3*n**3 - 40 + 13*n**2 + 6*n**3 + 16*n + n**3 + 6*n**3. What is the remainder when g(-9) is divided by 24?
20
Suppose 5*x + 212 = 2*d, 4*x + 45 + 55 = d. What is the remainder when d is divided by 67?
49
Let r = -1473 + 3422. What is the remainder when r is divided by 63?
59
Suppose 1 - 6 = -u. Suppose u*o + 3*l - 6 - 11 = 0, -o - 3*l + 1 = 0. Suppose -o*q + 268 - 16 = 0. Calculate the remainder when q is divided by 11.
8
Let f(u) = -82*u + 30*u - 35 + 32*u. Suppose o = 5*o - 680. Calculate the remainder when o is divided by f(-3).
20
Suppose -17*k = -9*k - 6536. Suppose -844 = -f - 4*a, -f - 6*a + k = -11*a. What is the remainder when f is divided by 17?
16
Let s = 254 - 355. Let z be (s/2)/((-10)/(-40)). Let q = z - -301. What is the remainder when q is divided by 25?
24
Let c(p) = 2*p**2 + 23*p + 166. What is the remainder when c(-8) is divided by 55?
0
Let u = 3 - 1. Suppose -u*v = -v - 21. Suppose -3085 = -29*i - 69. What is the remainder when i is divided by v?
20
Calculate the remainder when 146 is divided by (27*40/30)/((-12)/(-16)).
2
Let f(y) = -126*y - 536. Let i(z) = 3*z**2 - 2*z - 3. What is the remainder when f(-6) is divided by i(4)?
35
Let k(m) = 101*m**2 - 100*m - 98. Let h(o) = -17*o + 1. Let f be h(2). Let d = f + 59. What is the remainder when k(-1) is divided by d?
25
Suppose 11099 = 12*i + 2171. What is the remainder when i is divided by 28?
16
Suppose -4*z + 0*z = -268. Let o = 88 - z. Let h(u) = u - 11. Calculate the remainder when 119 is divided by h(o).
9
Let a(m) = m**3 - 41*m**2 + 40*m + 33. Let f be a(40). Suppose -3*j = -3*p - 27, 5*j = -0*j + 2*p + f. Calculate the remainder when 57 is divided by j.
2
Let r be ((-5)/2 + 2)/((-12)/24). Let q = 32 + r. Let n = 74 - q. What is the remainder when n is divided by 7?
6
Let h(j) = 3*j**2 + 11*j + 37. Suppose -5*c = 4*u - 6*c + 32, -3*u = c + 17. Calculate the remainder when h(u) is divided by 36.
35
Let s(z) = -z + 16. Let b = -15 + 24. Suppose -3*a + 9 = -5*p, a + 2*a - b = 0. Calculate the remainder when 62 is divided by s(p).
14
Let h be (-19)/(-3)*(-18)/(-6 + 12). Let z = 2 - h. What is the remainder when 83 is divided by z?
20
Calculate the remainder when (-4 + 1206 + -22)*(-1)/(-2) is divided by 290.
10
Suppose 5*p - 11 = -5*b + 4, -5*b = -5*p - 15. Suppose -3*n + 19 = -b*m - 17, 12 = n - 5*m. What is the remainder when 15 is divided by n?
3
Suppose 3*w - 4*f = 23, -3*f - 16 = -4*w - 5*f. Calculate the remainder whe